{"id":45,"date":"2024-11-12T11:33:16","date_gmt":"2024-11-12T11:33:16","guid":{"rendered":"https:\/\/cathrinependerup.dk\/?page_id=45"},"modified":"2024-11-12T11:33:16","modified_gmt":"2024-11-12T11:33:16","slug":"cv","status":"publish","type":"page","link":"https:\/\/cathrinependerup.dk\/?page_id=45","title":{"rendered":"CV"},"content":{"rendered":"\n<p><\/p>\n\n\n\n<p><strong>ENGLISH:<\/strong><\/p>\n\n\n\n<p><strong>Cathrine Penderup started playing the piano when she was six years old having Marie Louise Ussing as her teacher. After her death she became a pupil of Nina Gade until 1995, where she took lessons from Hanne Mulvad at Musikalsk Grundkursus (Basic Music Course) in Copenhagen.<\/strong><\/p>\n\n\n\n<p><strong>In 1997 she was accepted at the Royal Danish Academy of Music with Tove L\u00f8nskov as her teacher. She made her d\u00e9but concert in February 2006.<\/strong><\/p>\n\n\n\n<p><strong>In between her education she has studied in Australia, where she got a Diploma from The Victorian College of the Arts in Melbourne having Donna Coleman and Michael Kieran Harvey as her teachers. Besides that she has taken private lessons with Boris Guslitser and Max Cooke<\/strong>.<\/p>\n\n\n\n<p><strong>Cathrine Penderup has also participated and won prices in Berlingske Music competition, competitions at the Academy in Copenhagen and at Ellsinore Music Festivals international Piano competition.<\/strong><\/p>\n\n\n\n<p><strong>Cathrine Penderup has participated at Master classes with among others Peter Feuchtwanger, Pnina Salzman, Charles Rosen, Katrine Gislinge, Eugen Indjic and Dimitri Bashkirov, and has given concerts in Australia, Germany, Sweden, Norway, Hungary, Italy and Denmark.<\/strong><\/p>\n\n\n\n<p><strong>She has been a lecturer at the piano faculty at Copenhagen University,\u00a0 taught piano at MGK and Gentofte Musicschool, and today she has her own Piano School in Copenhagen.<\/strong><\/p>\n\n\n\n<p><strong>She has recorded cd&#8217;s as a solo pianist, accompanist and chamber player.<\/strong><\/p>\n\n\n\n<p><strong>DANSK:<\/strong><\/p>\n\n\n\n<p><strong>Cathrine Penderup begyndte at spille klaver som seks\u00e5rig hos Marie Louise Ussing og blev efter dennes d\u00f8d elev hos Nina Gade indtil 1995, hvor hun tog timer hos Hanne Mulvad p\u00e5 Musikalsk Grundkursus i K\u00f8benhavn.<\/strong><\/p>\n\n\n\n<p><strong>Blev i 1997 optaget p\u00e5 Det Kongelige Danske Musikkonservatorium med docent Tove L\u00f8nskov som l\u00e6rer. Tog diplomeksamen med p\u00e6dagogik i 2003, fortsatte p\u00e5 solistlinien og afsluttede med debutkoncert februar 2006.<\/strong><\/p>\n\n\n\n<p><strong>Undervejs har Cathrine Penderup studeret i Australien og har diplomeksamen fra Victorian College of the Arts i Melbourne med Donna Coleman og Michael Kieran Harvey som l\u00e6rere. Har desuden taget privattimer hos Boris Guslitser og Max Cooke.<\/strong><\/p>\n\n\n\n<p><strong>Cathrine Penderup har ogs\u00e5 deltaget og vundet pr\u00e6mier i Berlingske Musikkonkurrencer, DKDMs legatkonkurrencer og Helsing\u00f8r Musikfestivals internationale klaverkonkurrence, samt modtaget en r\u00e6kke legater.<\/strong><\/p>\n\n\n\n<p><strong>Cathrine Penderup har deltaget i masterclasses hos bl.a. Peter Feuchtwanger, Pnina Salzman, Charles Rosen, Katrine Gislinge, Eugen Indjic og Dimitri Bashkirov, og har spillet koncerter i Australien, Tyskland, Sverige, Norge, Ungarn, Italien samt Danmark.<\/strong><\/p>\n\n\n\n<p><strong>Cathrine Penderup har undervist i soloklaver p\u00e5 K\u00f8benhavns Universitet, MGK og i Gentofte musikskole, og har i dag sin egen klaverskole p\u00e5 Frederiksberg.<\/strong><\/p>\n\n\n\n<p><strong>Hun danner desuden faste duoer med Tonya Lemoh, pianist, Anna Tomczak, pianist (Duo Capriz), Iben Vesterg\u00e5rd, sopran, Sara Vibe-Petersen, saxofon (Duo Saxifraga) og Tobias van der Pals, cello. L\u00e6s n\u00e6rmere under &#8220;ensembler&#8221;.<\/strong><\/p>\n\n\n\n<p><strong>I 2007 indspillede hun sammen med sopranen Iben Vesterg\u00e5rd, en cd med samlede v\u00e6rker af Emma Hartmann (1807-51), Danmarks f\u00f8rste kvindelige komponist. Desuden medvirker Cathrine Penderup p\u00e5 Sarah Vibe-Petersens debutcd.<\/strong><\/p>\n\n\n\n<p><strong>I 2009 udkom hendes f\u00f8rste solo-cd p\u00e5 Danacord med v\u00e6rker af de tre danske, kvindelige komponister Nanna Liebmann, Benna Moe og Hilda Sehested.<\/strong><\/p>\n\n\n\n<p><strong>I 2010 udgav Iben Vesterg\u00e5rd og Cathrine Penderup p\u00e5 Danacord deres anden cd; en dobbelt CD med sange af Emil Hartmann (1836-98), s\u00f8n af Emma og J. P. E. Hartmann, og i 2013 udkom hans samlede klaverv\u00e6rker.<\/strong><\/p>\n\n\n\n<p><strong>I 2014 udgav hun sammen med pianisten Tonya Lemoh en firh\u00e6ndig cd med v\u00e6rker af Brahms, Satie, Granados og Barber.<\/strong> <strong>Og i 2017 udgav duoen endnu en med v\u00e6rker af Gade, Schubert og Schumann.<\/strong><\/p>\n\n\n\n<p><strong>I 2022 udgav hun Emil Hartmanns sidste klaverv\u00e6rker, s\u00e5 hun nu har indspillet hans samlede v\u00e6rker for soloklaver. <\/strong><\/p>\n\n\n\n<p><strong>Endvidere optr\u00e6der hun p\u00e5 flere cd\u2019er som akkompagnat\u00f8r\/kammermusiker.<\/strong><\/p>\n\n\n\n<p><\/p>\n","protected":false},"excerpt":{"rendered":"<p>ENGLISH: Cathrine Penderup started playing the piano when she was six years old having Marie Louise Ussing as her teacher. After her death she became a pupil of Nina Gade until 1995, where she took lessons from Hanne Mulvad at Musikalsk Grundkursus (Basic Music Course) in Copenhagen. In 1997 she was accepted at the Royal [&hellip;]<\/p>\n","protected":false},"author":1,"featured_media":46,"parent":0,"menu_order":0,"comment_status":"closed","ping_status":"closed","template":"","meta":{"footnotes":""},"class_list":["post-45","page","type-page","status-publish","has-post-thumbnail","hentry"],"_links":{"self":[{"href":"https:\/\/cathrinependerup.dk\/index.php?rest_route=\/wp\/v2\/pages\/45","targetHints":{"allow":["GET"]}}],"collection":[{"href":"https:\/\/cathrinependerup.dk\/index.php?rest_route=\/wp\/v2\/pages"}],"about":[{"href":"https:\/\/cathrinependerup.dk\/index.php?rest_route=\/wp\/v2\/types\/page"}],"author":[{"embeddable":true,"href":"https:\/\/cathrinependerup.dk\/index.php?rest_route=\/wp\/v2\/users\/1"}],"replies":[{"embeddable":true,"href":"https:\/\/cathrinependerup.dk\/index.php?rest_route=%2Fwp%2Fv2%2Fcomments&post=45"}],"version-history":[{"count":1,"href":"https:\/\/cathrinependerup.dk\/index.php?rest_route=\/wp\/v2\/pages\/45\/revisions"}],"predecessor-version":[{"id":47,"href":"https:\/\/cathrinependerup.dk\/index.php?rest_route=\/wp\/v2\/pages\/45\/revisions\/47"}],"wp:featuredmedia":[{"embeddable":true,"href":"https:\/\/cathrinependerup.dk\/index.php?rest_route=\/wp\/v2\/media\/46"}],"wp:attachment":[{"href":"https:\/\/cathrinependerup.dk\/index.php?rest_route=%2Fwp%2Fv2%2Fmedia&parent=45"}],"curies":[{"name":"wp","href":"https:\/\/api.w.org\/{rel}","templated":true}]}}